28 + 13 = 4*m, 2*m + n - 33 = 0. Let v = m + -9. Suppose -13 = -2*i - 5*o + 9, -v*o - 62 = -2*i. Is i prime?
False
Suppose n + 3*g - 8 = -0*g, 32 = -3*n + 5*g. Let b(y) be the first derivative of y**3/3 + y**2 + 3*y + 19. Is b(n) a prime number?
True
Suppose t = -2*t + 12. Suppose -j + 0*p = -3*p - 39, t*p + 107 = 3*j. Is j a prime number?
False
Let h(o) = -o**3 - 2*o**2 + 53. Is h(0) a composite number?
False
Let i be ((-4)/(-6)*6)/2. Suppose -3*z + 63 = 3*r + 2*r, 26 = 2*r + 2*z. Suppose 6*p - 3*m - 51 = i*p, 0 = p - m - r. Is p a prime number?
False
Suppose -4*b - 3*h = -1197, 5 = -2*h - 5. Is b a prime number?
False
Suppose -1 = 5*j - q - 7, 5*j = -5*q + 30. Suppose -j*a + 21 = a. Is a a composite number?
False
Let d(b) be the second derivative of -b**5/20 + b**4/2 + b**2 + 2*b. Let o be d(6). Let i(n) = 3*n**3 - 4*n**2 + 3*n. Is i(o) prime?
False
Is 581 - (-2 + 6 - 6) prime?
False
Let l be 34/(-8) + 2/8. Is (-6)/l*596/6 a prime number?
True
Suppose 2*p - 65 = 85. Suppose 0 = -2*a + p + 55. Is a prime?
False
Let q = 814 + -1596. Let b = -447 - q. Suppose 0 = 4*k - 5 - b. Is k a prime number?
False
Let j = -2 + 6. Suppose 0 = 2*u + 5*v - 649, -111 - 194 = -u + j*v. Is u a composite number?
False
Let n be 1*(-3)/(-3)*-1. Is (-2)/6*6/n a composite number?
False
Suppose -30 = 5*n - h, -4*n - 2 - 22 = h. Let j be 5/(-2*3/n). Suppose -y - 4 = -0*y, -j*y + 43 = 3*k. Is k a prime number?
False
Let l = -79 + 168. Is l composite?
False
Let q = 9 - 20. Is 5/(-1)*q/1 a composite number?
True
Suppose 6*u = 4211 - 401. Is u composite?
True
Suppose 9*s + 0*s - 3411 = 0. Is s prime?
True
Let o(z) = -z**3 - z**2. Let y be o(0). Suppose -i + 16 + 138 = y. Let v = i - -63. Is v a prime number?
False
Suppose -q + 13 + 3 = 0. Suppose -430 = -2*h + q. Is h composite?
False
Let j(p) = -p**2 + 11*p - 5. Let o(b) = -b**3 + 7*b**2 + 8*b + 4. Let f be o(8). Is j(f) composite?
False
Let c(z) = 4*z**2 + 3*z + 1. Let x be -1*((2 - 4) + -1). Let h = x - 7. Is c(h) a prime number?
True
Suppose -4*n = 3 - 243. Suppose n = 2*x + 2*x. Is x composite?
True
Let f(x) = 7*x**2 - x. Let j be f(-1). Let g = -11 + 11. Suppose 5*a - 818 = -4*q + 195, 4*q - j = g. Is a a prime number?
False
Suppose 3 + 3 = 3*y. Suppose 0 = -y*k - 4, -v - 4*k = -2*v + 25. Let i = -10 + v. Is i a prime number?
True
Suppose -3*t = t - 21044. Is t a prime number?
True
Let l be 4 - 0 - (-2)/(-1). Suppose -l*r - w = r - 52, -r + 24 = 2*w. Suppose h + h - 2*g = r, 0 = -5*g - 5. Is h a composite number?
False
Let k = 1321 - 620. Is k a prime number?
True
Let i = 1733 + -816. Is i a prime number?
False
Suppose -991 = -2*u + u. Is u prime?
True
Is 1735*(-7 - -3)/(-20) a prime number?
True
Let x(v) = -v**3 - 4*v**2 + 4*v - 5. Let w be x(-5). Let n = w + 4. Suppose 0 = -2*r - 3*c + 38, 5*c = -r + n*r - 95. Is r a prime number?
False
Suppose 4*d = -5*h + 69, -5*d + 33 = -4*h - 2. Let x = -18 + d. Let m(o) = o**3 + 7*o**2 - o - 1. Is m(x) a prime number?
False
Suppose 4*s = 3*s + 167. Is s composite?
False
Let i be ((-6)/(-1))/((-4)/(-102)). Let q = -258 - -160. Let t = i + q. Is t a prime number?
False
Let b(i) = i**2 + 8*i + 14. Is b(-13) prime?
True
Let n(m) = 7*m**2 - 13*m + 27. Is n(10) a composite number?
True
Suppose 9*p + 1338 = 11*p. Is p composite?
True
Let p be (5 - 5)*2/(-4). Suppose p = -3*f + 2 + 13. Suppose 3*w = 7*w + 5*g - 235, 260 = f*w - 5*g. Is w a prime number?
False
Is 6/(-4) + -5*(-22376)/80 a prime number?
False
Suppose -h + 12 = 3*h. Suppose -2*j + 2*p + p = -83, 212 = 5*j - h*p. Is j a prime number?
True
Let g = -4 - -8. Let a = g + -3. Let u = 6 + a. Is u composite?
False
Let j(m) = 10*m**3 - m**2 + 4*m + 1. Let r = -6 + 10. Is j(r) a composite number?
False
Suppose -3*o + 50 = 2*r - 22, r = 3. Suppose -2*y - o = -3*k, -3*k + 3*y + 32 = -y. Suppose 2*i - 370 = -4*q, -5*i - 358 = -k*q - 9. Is q composite?
True
Is 200997/36 - (-2)/(-8) prime?
False
Let o be (-44)/6 - 1/(-3). Let m = o + 42. Is m composite?
True
Let t = 343 + -222. Is t a composite number?
True
Let u = 2790 + -583. Is u a composite number?
False
Suppose 0 = 3*k + k - 3*z - 1063, -266 = -k + z. Is k composite?
True
Suppose -2*b + z + 233 = 0, -5*b + b + 451 = -5*z. Is b a prime number?
False
Let y be ((-278)/8)/(7/(-28)). Let f = 324 - y. Is f a prime number?
False
Let m(s) = -2*s**3 + 5*s**2 + 4*s. Let k(d) = -d**3 + d**2 + d - 1. Let v(t) = k(t) - m(t). Is v(6) a composite number?
False
Let d(f) = f**2 - 3*f - 6. Suppose a + t = 11, 8 = 2*t - 0*t. Is d(a) a composite number?
True
Suppose 118 - 398 = 2*g. Let x = g + 267. Is x composite?
False
Let f(b) = 41*b**2 - 2*b. Let o be f(-2). Suppose -2*d = -0*d + 3*y + 111, -3*d = 4*y + o. Let a = d + 93. Is a a prime number?
False
Let t = 1 - -3. Is (-14 - -2)*(-2)/t a composite number?
True
Let x = -113 - -296. Is x a composite number?
True
Let k(u) = 15*u - 3. Let x be k(2). Suppose 0 = -w + 10 + x. Is w prime?
True
Let g(i) = -129*i + 4. Let y be -6 - (0 + 12)/(-4). Is g(y) prime?
False
Suppose c = -5*r + 152, 5*r + 2*c - 143 = -2*c. Is r a composite number?
False
Suppose 4*k - 956 = -4*n, 0*k - 4*k = -2*n + 478. Is n a prime number?
True
Is (1 - 0)/((-2)/(-382)) prime?
True
Suppose 5*t - 15 + 0 = 0. Suppose h + 2 = -0*h, 5*h = t*p - 373. Is p composite?
True
Let f(n) = n**3 + 13*n**2 + 11*n - 10. Let r be f(-12). Suppose -5*x + 573 = -r*x. Is x a composite number?
False
Suppose l + 4 = 2*l. Suppose 0 = 2*m + 3 - 5, l*u + 2*m - 726 = 0. Is u a prime number?
True
Let m(i) be the third derivative of -i**4/8 + 4*i**3/3 - i**2. Suppose 0*n + 3 = -2*n + 3*y, 60 = -5*n - 3*y. Is m(n) prime?
False
Suppose 0 = 4*p - 608 - 172. Suppose 3*r - p = 21. Let g = -7 + r. Is g prime?
False
Let k = -93 - -167. Suppose -3*p + k = -37. Is p composite?
False
Let n(t) = -t**2 - 2*t + 4. Suppose -5*u = 2*q + 18, u + 4*u + 5*q = -15. Let l be n(u). Is (-178)/l*2 - 2 prime?
False
Is 4*(-1)/22 + 143466/22 prime?
True
Suppose 0 = 11*m - 30447 + 274. Is m a prime number?
False
Let i(o) be the second derivative of -o**7/2520 + o**6/72 + o**5/12 + o**4/12 - 2*o. Let u(c) be the third derivative of i(c). Is u(9) a prime number?
True
Let k(f) = 424*f + 1. Let w be k(-2). Let a = w + -228. Is 3/(-4) - a/20 prime?
True
Suppose 7*x = 2*x + 965. Suppose -3 + x = 2*b. Is b composite?
True
Suppose 4*i - 100 = -0*i. Suppose 5*b + o + 20 = -3*o, 5*b = 5*o + i. Suppose 31 = q - b*q. Is q a prime number?
True
Is 1 - (1 + -3 - 124) a composite number?
False
Suppose -y = d + 3*y + 68, -3*d - 255 = -5*y. Let n = 119 + d. Is n a prime number?
False
Let f be (6/4)/(3/10). Suppose 4*c - 15 = -c, 0 = -d + f*c + 28. Is d composite?
False
Let u = 27 + -16. Suppose 3*r + 4 + u = 0, -477 = -2*p + 3*r. Suppose 4*v - v - p = 0. Is v composite?
True
Let o be 2*(1/(-1) + 3). Suppose 2*i + 13 = -o*c + 3*i, 4*c = 4*i - 28. Is (-332)/(-16) - c/8 a composite number?
True
Let q be 2/7 - 117/(-7). Let x = q + -44. Let y = x - -50. Is y a prime number?
True
Suppose 2*b - 7*b + 20 = 0. Is (b/5)/(4/1370) a composite number?
True
Let r = 8 - 5. Suppose -r*w + 102 = -0*w. Is ((-6)/(-2))/(3/w) prime?
False
Let b be (2/(-5))/(4/20). Let f(j) = 9*j**2 + 3*j + 1. Is f(b) prime?
True
Suppose 5*t = t - m + 2091, -2*m = -4*t + 2106. Suppose r = -3*r + t. Is r a prime number?
True
Suppose -x - 50 = -3*x. Is x a composite number?
True
Suppose -n + 2*g + 200 = n, 0 = -4*n - 3*g + 365. Is n composite?
True
Let w = 10 + 36. Suppose u - 5*g - w = -u, -5*u = -g - 115. Is u prime?
True
Let p(o) = 71*o + 9. Is p(4) composite?
False
Suppose k = 2*m + 11, 3 = 2*k + k + 4*m. Suppose -4*l - 22 = -k*l. Is l a prime number?
False
Suppose 5 = -3*t + 2*m + 3*m, 0 = 3*m - 12. Is 2497/t + (-4)/10 a prime number?
True
Let n be 126*-1 + (-4)/1. Is 0 - -2 - (n + 1) composite?
False
Suppose 3*f - 31 = 83. Let r = f + -19. Is r prime?
True
Let g(v) = -v - 6. Let c be g(-4). Let a be 1897 - (c + -1 - -1). Is (a/(-27))/((-1)/3) a composite number?
False
Let s be -1 + 2 - 1 - -6. Suppose 2*l = -0*l + s. Suppose -5 = -f, 4*t - l*f + 13 = 186. Is t a prime number?
True
Let f(s) = -13*s**3 - 2*s**2 + 2*s + 2. Let w be f(-2). Suppose 4 = -4*h - 0, 3*y - 2*h + 67 = 0. Let v = w + y. Is v composite?
False
Suppose -5*p = -4*o + 6*o - 431, 3*p - o = 252. Is p prime?
False
Let i